59?
3, 59
Suppose -932 + 4124 = 24*o. List the prime factors of 19/(o/1304) - 4/14.
2, 3, 31
Suppose 4*t = -7*h + 40921, -20458 = -2*t + 3*h - 7*h. List the prime factors of t.
3, 3413
Suppose 2 = -66*u + 67*u. Suppose 835 = 5*x + u*a - 1991, -a = 4*x - 2259. List the prime factors of x.
2, 3, 47
Let s(o) = o**2 + 12. Let b = 14 + -22. Let f be b*(-4)/8 - (-2 + 1). List the prime factors of s(f).
37
Let s be 2/(10/(-6289)) + 33/(-165). Let y = -570 - s. What are the prime factors of y?
2, 43
Let z(y) = -y**3 - 13*y**2 - 16*y - 30. Let n be z(-12). Let q(g) = n*g - 14 + 40 + 55*g - 15. What are the prime factors of q(2)?
157
Let u be 6436/(-16) - (-1)/4. Let y = -210 - u. What are the prime factors of y?
2, 3
Suppose -14*z = -17*z - 5*t + 1571, -t - 2 = 0. Let a = z + -200. List the prime factors of a.
3, 109
Let q(s) = s**3 + 8*s**2 + 8*s + 13. Let c be q(-6). Let t = -37 + c. Suppose 3*b - 4*g - 245 = t, 0 = -3*b + b - 4*g + 190. What are the prime factors of b?
3, 29
Let n be 18/99 + 3962/(-11). Let x = -293 - n. List the prime factors of x.
67
Suppose -2*s - 84 = 4*h + s, -3*h - 50 = -s. Suppose 5*f - u = 2*f + 109, -3*f = -2*u - 113. Let q = f - h. List the prime factors of q.
53
Let z(t) = 379*t + 17. Suppose 28 = 7*u + 7. Let a be z(u). Suppose 2*d = 4*f + 584, -4*d = -0*f - f - a. What are the prime factors of d?
2, 3
Suppose -26*w = -3*w - 414. Suppose -w*f - 4458 = -24*f. What are the prime factors of f?
743
Suppose -35359 = -9*y + 32675 - 20190. What are the prime factors of y?
2, 3, 443
Suppose -155*q = -151*q - 8. Suppose q*h = 5*v + 412, 2*h - 637 = -h - 2*v. What are the prime factors of h?
211
Let l(q) = q**3 + 30*q**2 - 28*q + 82. Let c = -142 - -112. What are the prime factors of l(c)?
2, 461
Let k(u) = -2*u**2 + 11*u - 4. Let w be k(13). What are the prime factors of 5 + 1 + -5 - w?
2, 5
Suppose -3*l = 4*w + w + 485, w - 827 = 5*l. Let p be (l/22)/((-2)/76). Let o = p - 109. List the prime factors of o.
2, 11
Suppose 2*k + 3*x + 14 + 120 = 0, 5*x + 272 = -4*k. Let b = k - -88. What are the prime factors of (132/b - 2)*15?
2, 3, 17
Let p = -251 + 255. Suppose -l + 149 = p*w, -2*w - 154 = -l - 5*w. What are the prime factors of l?
13
Let a be 4*(-8)/12*(-162)/12. Suppose -20*v + a = -8*v. Suppose 134 = p - 3*k + 24, -v*p = -k - 370. List the prime factors of p.
5
Let s be 460/45 + 4/(-18). Suppose -s - 14 = 2*p. What are the prime factors of 1056/14 - p/(-28)?
3, 5
Let o(z) = z**3 - 53*z**2 - 21*z + 1067. Let i be o(53). Let c be 4/(-2) - (-216 + -1). Let f = c - i. What are the prime factors of f?
3, 29
Let h = 51 - 46. Suppose -h*a + 1244 = 4*n - 4*a, -5*a + 311 = n. List the prime factors of n.
311
Let j(b) = -3*b**3 + b**2 - 10*b + 18894. List the prime factors of j(0).
2, 3, 47, 67
Suppose -d + 269 = 4*a, 63 = 2*d - 2*a - 445. List the prime factors of d.
257
Let x = 411 + -308. List the prime factors of x.
103
Let a be (-714)/(-35) + 4/(-10). Let i = -325 + 582. Suppose 4*x = -a, 5*x + 160 + i = 4*t. What are the prime factors of t?
2, 7
Let f(u) be the third derivative of u**6/120 + 3*u**5/10 - u**4/2 - 13*u**3/2 - 12*u**2 + 1. What are the prime factors of f(-11)?
2, 5, 47
Suppose -8*s + 6 = -10. Suppose -5*r = -18 - s. Suppose -r*g + 219 + 465 = 0. List the prime factors of g.
3, 19
Suppose 2*o = c + 3*o - 4, -3*o - 20 = -5*c. Suppose u = c + 77. What are the prime factors of u?
3
Let o(b) = -2*b**3 - 2*b**2 - b. Let l be o(-1). Let p(y) = -58 + 17*y + 228 - 56 - 116. What are the prime factors of p(l)?
3, 5
Let a(k) = k + 364. Suppose 0 = 2*f + 4*q, -5*q = -16*f + 12*f. List the prime factors of a(f).
2, 7, 13
Suppose -f + h + 18 = 2*h, 3*f - 50 = -5*h. Let d = -61 + f. Let u = d + 105. List the prime factors of u.
2
Suppose 9*s + 144435 = 11*s + l, -3*s + 216648 = 3*l. List the prime factors of s.
3, 7, 19, 181
Suppose 0 = 2*n - q - 2, 2*n - q - 6 = -2*n. Suppose -l - 3*d = 11, 3*l + d = 2*d - 3. List the prime factors of (l - -86) + (2 - n).
2, 3, 7
Let j(q) = 52*q + 4049. What are the prime factors of j(0)?
4049
Let v(q) = -q**3 + 2*q**2 + 111690. Let h be v(0). List the prime factors of h/120 - (14/8 + -2).
7, 19
Let s(g) = 83*g**3 - 31*g**2 - 19*g - 78. What are the prime factors of s(8)?
2, 11, 1831
Suppose -12*l + 6*l + 207510 = 9*l. List the prime factors of l.
2, 6917
Suppose 29151 = 5*h - 4*c, 13*h + 11638 = 15*h + 4*c. List the prime factors of h.
5827
Let t = 14 + -29. Let y = -1331 - -1349. What are the prime factors of (4*117/t)/(y/(-60))?
2, 13
Let b = 509 + -761. Suppose -4*s + 3*s = 2*z - 387, 0 = 5*z + 20. Let k = s + b. List the prime factors of k.
11, 13
Suppose -56*i + 56*i = 32*i - 41280. What are the prime factors of i?
2, 3, 5, 43
Let m = 678 - 678. Suppose m = 10*j - 15*j + 1830. What are the prime factors of j?
2, 3, 61
Suppose -50*w + 648751 = -177999. What are the prime factors of w?
5, 3307
Let c(j) = j**3 - 8*j**2 + 16*j - 7. Suppose 0 = -15*t - 9 + 159. List the prime factors of c(t).
353
Suppose -y + 3 = 0, 5*i - 6*i = 3*y + 75. Let u = i + 456. What are the prime factors of u?
2, 3, 31
Let g(s) = -18*s**3 + 11*s**2 + 7*s + 6. Let w be g(-4). Let l = -249 + w. List the prime factors of l.
7, 151
Suppose -r = -2*m + m - 35, 5*r = -3*m - 65. Let j = -20 - m. Suppose -s - 1683 = -j*s. List the prime factors of s.
11, 17
Let z(c) = 1194*c - 3895. What are the prime factors of z(33)?
35507
Let a be (-20620)/30*(-3)/2. Let w = a - 554. Let d = w - 264. What are the prime factors of d?
3, 71
Suppose 3*s = -2*u + 2104, 0 = 3*u + s - 6*s - 3156. What are the prime factors of u?
2, 263
Let g be 9462/7 - (-24)/84. Suppose 4*h - 7*h + 4*a + g = 0, -3*a - 454 = -h. List the prime factors of h.
2, 7
Let g(h) be the third derivative of h**6/120 + h**5/12 + h**4/8 - 2*h**3/3 + 2*h**2. Let o be g(-3). What are the prime factors of ((-2)/(-5)*39)/(2/o)?
3, 13
Let i(h) be the first derivative of h**4/4 + 20*h**3/3 + 41*h**2/2 + 3*h - 24. What are the prime factors of i(-17)?
173
Let m(c) = 78*c**2 - c + 1. Suppose 7*d - 3*d = 340. Let g = d - 86. List the prime factors of m(g).
2, 5
Suppose -3*k = 2*w + 259 + 45, 4*k = -5*w - 403. List the prime factors of (-17)/(k/3180) + 1.
3, 59
Let m(r) = -1177*r**3 - 3*r**2 + 4*r + 1. Let f(a) = a**3 - a**2 + a. Let c(s) = 2*f(s) - m(s). What are the prime factors of c(1)?
11, 107
Suppose 3*a - 12885 = -8*l + 7*l, 4*a = 2*l - 25820. Suppose 5010 + l = 30*h. List the prime factors of h.
3, 199
Let x(i) = -62 + 36 - 34 - 60*i + 3. What are the prime factors of x(-8)?
3, 47
Let k = 116 - 50. Let v(l) = -l**2 - 12*l + 604. Let o be v(-29). Let s = o - k. What are the prime factors of s?
3, 5
List the prime factors of ((-10840)/(-3))/(-4)*18360/(-850).
2, 3, 271
What are the prime factors of (-1)/(-4) - (-7)/7*(-257769)/(-12)?
21481
What are the prime factors of 1/((-6)/8)*949632/(-256)?
2, 2473
Let g(l) = 116*l + 2052. List the prime factors of g(20).
2, 1093
List the prime factors of -9 + (-141)/(-9) + (-2)/(-6) - -13355.
2, 3, 17, 131
Suppose -4*w + 5*p - 44344 = -8*w, 2*w - p = 22158. List the prime factors of w.
7, 1583
What are the prime factors of 284767/85 - 20/(-25)?
3, 1117
Let m(k) = -k**2 + 23*k - 78. Let w be m(20). Let r(q) = -26*q - 40. What are the prime factors of r(w)?
2, 107
Let x(l) = -44*l**2 + 4*l - 18. Let j(r) = -87*r**2 + 6*r - 36. Let q(k) = -3*j(k) + 5*x(k). List the prime factors of q(-5).
1033
Let c = 199 - -99. Let t = c - -288. What are the prime factors of t?
2, 293
Let r(u) = -u**2 + 29*u - 25. Let z be r(28). Let s(j) = 13*j**3 - 2*j**2 - 3*j + 10. List the prime factors of s(z).
2, 167
Let g = -548 - -823. Suppose 0*y + 281 = -y + 5*h, y - 3*h = -g. Let q = -159 - y. List the prime factors of q.
107
Suppose -38*c + 19*c = 38*c - 562533. What are the prime factors of c?
71, 139
Let a(r) = -r**3 - 12*r**2 - 17*r - 66. Let o be a(-11). Suppose 0 = -4*h + 4*d + 7468, -5*h + 0*d - 5*d + 9285 = o. List the prime factors of h.
2, 7, 19
Suppose 0*l = -5*s + 4*l + 1173, 708 = 3*s - l. Let y = s - 118. List the prime factors of y.
7, 17
Let g(n) be the second derivative of 35*n**4/12 - n**3/6 + n**2/2 + 4*n. Let k be g(1). Let q = k + -29. List the prime factors of q.
2, 3
Suppose 4*c = p - 6, 0*p - 18 = -3*p + c. Let d be (-147)/9 + (-4)/p. 